prime number?
True
Is 627874939 composite?
True
Is 8599809643 a composite number?
False
Is 6032780707 a prime number?
True
Is 129619703 prime?
True
Is 8958184783 a composite number?
False
Is 22118951395 prime?
False
Is 5750315321 a prime number?
True
Is 213405007 prime?
False
Is 1253580631 prime?
False
Is 29417449987 a prime number?
True
Is 693389189 a composite number?
True
Is 744631553 composite?
False
Is 2778656557 prime?
False
Is 543296147 a composite number?
True
Is 4225001273 a prime number?
False
Is 35142881171 prime?
True
Is 9852457586 a prime number?
False
Is 1397807347 composite?
False
Is 6587408549 a prime number?
False
Is 106464922907 prime?
False
Is 1390878421 composite?
False
Is 1023693689 a composite number?
True
Is 956029279 composite?
False
Is 4562164099 a prime number?
False
Is 1816929059 a prime number?
False
Is 6136496909 composite?
False
Is 2100102149 a prime number?
False
Is 196913946533 composite?
True
Is 57526358867 prime?
False
Is 3093873283 a prime number?
True
Is 11445481 prime?
True
Is 7450176499 composite?
False
Is 7109068391 a composite number?
False
Is 12574843469 a composite number?
False
Is 72402017 a prime number?
True
Is 13846399667 prime?
True
Is 626945029 a composite number?
True
Is 308616559 prime?
True
Is 138938879 composite?
True
Is 24977107993 a prime number?
False
Is 2407920457 a prime number?
True
Is 86573735359 composite?
False
Is 3707861851 composite?
False
Is 5868964531 prime?
False
Is 75851571679 composite?
True
Is 33389861341 prime?
False
Is 80186770127 composite?
True
Is 55210102237 a prime number?
False
Is 339044077 composite?
True
Is 2108419601 prime?
True
Is 3683325323 prime?
False
Is 293379011 a composite number?
False
Is 835168931 a prime number?
True
Is 8880410951 composite?
False
Is 82776538751 a prime number?
True
Is 21557431577 a prime number?
False
Is 29525021 a prime number?
True
Is 11089654141 a prime number?
False
Is 811364597 prime?
False
Is 17968658343 a composite number?
True
Is 1911519971 prime?
True
Is 218932601 prime?
False
Is 33829883 a prime number?
True
Is 53526709 a prime number?
True
Is 7688924567 a prime number?
True
Is 33779440217 composite?
False
Is 4791911945 prime?
False
Is 20723518829 a prime number?
False
Is 351092557 a composite number?
True
Is 659310863 a prime number?
False
Is 1608759557 prime?
True
Is 29391181331 a composite number?
False
Is 48678038155 a prime number?
False
Is 200608847 a composite number?
False
Is 31148606747 a prime number?
False
Is 100123363 composite?
False
Is 71708893 composite?
False
Is 207407119 a prime number?
False
Is 1127189779 a composite number?
False
Is 564613727 composite?
True
Is 476448751 a prime number?
True
Is 4499713073 a composite number?
False
Is 11503953239 a prime number?
True
Is 29528413318 prime?
False
Is 3264715387 a composite number?
True
Is 31945349141 a composite number?
False
Is 45344979571 prime?
True
Is 203415467 a prime number?
True
Is 24704105839 a composite number?
True
Is 4686972593 composite?
True
Is 13408307213 a prime number?
False
Is 89771277929 a composite number?
True
Is 1685301169 prime?
True
Is 1261208063 prime?
True
Is 9691423849 composite?
True
Is 6492252647 a composite number?
True
Is 5353654477 prime?
True
Is 16854892591 composite?
True
Is 5092672349 composite?
False
Is 3338280887 prime?
True
Is 32270360701 prime?
True
Is 19632597739 prime?
False
Is 8950629833 a composite number?
False
Is 1066882217 composite?
True
Is 349953221309 a composite number?
False
Is 48566724469 a prime number?
True
Is 848882339 a prime number?
True
Is 916153373 prime?
True
Is 2142332497 prime?
True
Is 180395991727 a prime number?
False
Is 4420672961 a prime number?
False
Is 362347807 a prime number?
True
Is 1655040671 a composite number?
True
Is 92954837069 a prime number?
True
Is 705143483 composite?
True
Is 37480619123 composite?
False
Is 336078343 prime?
False
Is 1813957627 a composite number?
True
Is 31741890137 prime?
True
Is 11141545511 a composite number?
False
Is 118271508677 prime?
False
Is 23880031 a prime number?
False
Is 1210066043 prime?
False
Is 1784933797 a composite number?
False
Is 3915797203 a prime number?
False
Is 5950639199 a composite number?
True
Is 8046228239 a composite number?
True
Is 91285477 a composite number?
True
Is 26736173093 prime?
False
Is 217745293 a composite number?
False
Is 7303646939 prime?
True
Is 1179227411 a composite number?
True
Is 51020071 composite?
True
Is 2108551409 a prime number?
False
Is 1384577533 a composite number?
True
Is 1760676331 a prime number?
False
Is 1905385919 prime?
False
Is 9295550981 prime?
True
Is 777672901 prime?
True
Is 121576891669 a prime number?
False
Is 285574747 a composite number?
False
Is 500604298 prime?
False
Is 337652689 a prime number?
False
Is 163798994707 a composite number?
True
Is 64759145041 composite?
True
Is 74968183 a prime number?
False
Is 3848268059 composite?
False
Is 112083818111 a composite number?
False
Is 7363903826 prime?
False
Is 195848274313 composite?
False
Is 587122759 composite?
False
Is 1390939841 a composite number?
False
Is 16906665737 composite?
True
Is 431078047 a composite number?
False
Is 4068119689 a composite number?
True
Is 111716567 prime?
True
Is 1152589943 composite?
True
Is 1187321063 a prime number?
True
Is 775833701 a composite number?
False
Is 5417549419 a composite number?
True
Is 7504872631 a prime number?
False
Is 4259257243 prime?
False
Is 29055176743 composite?
True
Is 1408809833 composite?
False
Is 12984285481 a composite number?
True
Is 399835619 a composite number?
True
Is 119483721167 prime?
True
Is 25427439487 a composite number?
True
Is 12026308711 a composite number?
True
Is 39491011873 composite?
False
Is 1129028801 prime?
True
Is 369103183 a prime number?
False
Is 921670811 a prime number?
True
Is 52568221 composite?
True
Is 109260303 a prime number?
False
Is 5187715517 a composite number?
False
Is 3765994691 a composite number?
False
Is 1558612021 composite?
False
Is 227802663059 composite?
False
Is 21964314289 a composite number?
True
Is 10341360278 a composite number?
True
Is 5590547489 prime?
True
Is 122467724747 prime?
True
Is 335386189 prime?
False
Is 5523040723 a prime number?
False
Is 2046196421 a prime number?
False
Is 30046298 composite?
True
Is 7982397809 composite?
True
Is 912541361 composite?
False
Is 16955368417 prime?
False
Is 772000283 prime?
False
Is 447049983 a prime number?
False
Is 632912977 a composite number?
True
Is 8233062353 a composite number?
False
Is 16129180507 composite?
True
Is 13385777477 a prime number?
True
Is 1799121919 a prime number?
False
Is 4272574951 a composite number?
False
Is 17907331 a prime number?
False
Is 238331603 a prime number?
True
Is 61594090247 composite?
True
Is 19923609997 a prime number?
True
Is 30249170995 a prime number?
False
Is 323261241 a composite number?
True
Is 14073230737 prime?
False
Is 57846037 composite?
True
Is 30996012181 prime?
False
Is 5166426107 composite?
True
Is 2496421111 prime?
True
Is 603081383 a prime number?
False
Is 19143130301 composite?
False
Is 1472536621 composite?
True
Is 1551790973 prime?
True
Is 185539927 prime?
True
Is 2477256857 a composite number?
False
Is 563882131 a composite number?
False
Is 9285161 a composite number?
False
Is 8773539977 a prime number?
True
Is 1715913799 a composite number?
False
Is 173163401 a prime number?
False
Is 17612556271 a prime number?
True
Is 166777397 a prime number?
True
Is 2262706747 prime?
False
Is 81879618578 a prime number?
False
Is 2763314399 a prime number?
True
Is 9203551481 prime?
False
Is 43197280163 composite?
True
Is 20551949409 a composite number?
True
Is 5544263173 prime?
True
Is 44845029343 a prime number?
True
Is 6300904007 a prime number?
False
Is 1529357497 a prime number?
False
Is 1845549817 prime?
True
Is 365484643 a composite number?
True
Is 186565186721 a composite number?
False
Is 100001051831 composite?
False
Is 18697136386 a prime number?
False
Is 18032316794 prime?
False
Is 1562649227 prime?
False
Is 208771903 a composite number?
False
Is 8705701 a prime number?
False
Is 18510427847 a prime number?
True
Is 20270184089 a composite number?
True
Is 13162995091 a prime number?
True
Is 33484956563 prime?
False
Is 11065838597 a composite numbe